(-10) is divided by 34?
32
Let n = -19 + 17. Let x = 12 - n. What is the remainder when x is divided by 4?
2
Let x = -17 - -18. Let j(c) = 173*c + 1. Let p be j(x). What is the remainder when (-3)/(-21) - p/(-7) is divided by 7?
4
Let p(d) = -110*d + 910. Suppose 3*m + 4 = 31. What is the remainder when p(8) is divided by m?
3
Suppose -v - 28*b + 24 = -29*b, 3*b = 2*v - 52. Calculate the remainder when 233 is divided by v.
13
Suppose -4*k + 3*h + 123 = 0, -k + 0*h = h - 36. What is the remainder when 161 is divided by k?
29
Let v(b) = 3*b**2 - b. What is the remainder when (-110)/(-165)*75/2 is divided by v(2)?
5
Suppose 0 = -3*f + 9 + 15. Suppose s + f - 31 = 0. Calculate the remainder when s is divided by (-2)/10*(-25)/10*24.
11
Suppose 3*w - 4*k = 70, 2*w = -5*k - 14 + 30. Calculate the remainder when 45 is divided by w.
9
Suppose 19*o - 13*o - 618 = 0. Calculate the remainder when o is divided by 21.
19
Suppose 0 = k + 3*k + 4, -x + 3*k = -90. What is the remainder when x is divided by 12?
3
Let h(k) = -k**3 - 3*k**2. Let x be h(-4). Let r = -8 + x. Suppose 3*w + 165 = 5*c - w, -67 = -3*c - 4*w. What is the remainder when c is divided by r?
5
Let c(j) = -j**3 - 3*j**2 + 4*j + 4. Let z be ((-4)/3)/(3/9). Suppose m = -1, 4*t = m - 8 + 37. What is the remainder when t is divided by c(z)?
3
Let j(t) = t**3 - 5*t**2 - 9*t - 6. Let u be j(7). Let z = 33 - u. Calculate the remainder when 13 is divided by z.
1
Let i = 3 + 47. Suppose 5*f - q - i = 0, 0 = 2*f + 2*q - 48 + 16. What is the remainder when 30 is divided by f?
8
Let j = 255 - 235. What is the remainder when 40 is divided by j?
0
Let j = 9 + -12. Calculate the remainder when (-48)/(-36) - 80/j is divided by 5.
3
Suppose 2*x = 106 + 126. Let o = 12 - -47. What is the remainder when x is divided by o?
57
Let x(j) = j + 22. Let h = -22 + 12. Calculate the remainder when 106 is divided by x(h).
10
Suppose -43 - 5 = -3*s. Suppose 4*r - 320 = -k, -5*r + 336 = -r + 5*k. What is the remainder when r is divided by s?
15
Suppose 5*o = -4*y + 405, -4*y - o - 48 = -433. Suppose 26 = -3*i + y. Let x = -9 - -17. What is the remainder when i is divided by x?
7
Suppose 3*s - 4*k - 72 = 0, 3*k - 120 = 2*s - 7*s. What is the remainder when s is divided by 5?
4
Suppose -17*i = -24*i + 84. What is the remainder when 33 is divided by i?
9
Let h(f) = -f + 3. Let i be h(7). Let t = 49 - 32. What is the remainder when t is divided by 1/((-1)/(-6 + i))?
7
What is the remainder when 6/(-21) - 95901/(-273) is divided by 21?
15
Let j = -86 - -225. Calculate the remainder when j is divided by 10.
9
Let o = 52 - 5. Let u(j) = -5 + o*j + 2 - 45*j. What is the remainder when u(4) is divided by 2?
1
Let l be (-20)/(-30) - (-26)/6. Let n be (-90)/27*(-9)/l. Suppose n*r + 25 = 127. Calculate the remainder when 50 is divided by r.
16
Suppose -6*x + x = 5*s - 45, 3*x + 4*s = 27. What is the remainder when 79 is divided by x?
7
Let u(s) = -3*s + 144. What is the remainder when u(17) is divided by 14?
9
Suppose -6*k = 2*j - 3*k - 69, -2*k - 71 = -3*j. Let z(h) = -h + 79. Calculate the remainder when z(0) is divided by j.
25
Let m be ((-43)/(-2))/(6/(-12)). Let t = -34 - m. Calculate the remainder when t is divided by 3.
0
Let o(x) = -x**3 - 3*x**2 + 2*x + 3. Let v(j) = 9*j**2 + 128*j + 388. Calculate the remainder when v(-3) is divided by o(-5).
42
Let i = -25 - -105. Suppose 0 = -5*m + 6*m. Suppose -3*t + 2*t + 27 = m. What is the remainder when i is divided by t?
26
Suppose -5*w = s - 2, -16 + 46 = 5*s + 5*w. Suppose 77 + 58 = 5*r. What is the remainder when r is divided by s?
6
Suppose -54 = -2*t - 4. Suppose -m = -2*m + 4*l - 25, 0 = -m - 5*l - 7. Calculate the remainder when (m + 3)*7/(-2) is divided by t.
24
Suppose 0 = -t + u + 162 + 319, -2*u - 2399 = -5*t. Calculate the remainder when t is divided by 48.
47
Let n = -53 - -77. Let c = 39 - n. What is the remainder when 59 is divided by c?
14
Let b(g) = -g**2 - 10*g + 7. Suppose -d = -5*r - 100, -2*r - r + d - 62 = 0. Let v = 10 + r. Calculate the remainder when b(v) is divided by 6.
4
Let a(n) = 27*n - 140. What is the remainder when 28 is divided by a(6)?
6
Suppose 0*j + 356 = 4*j. Let q be 2 + -4 + -1 - 3. Calculate the remainder when j is divided by 1/6 + (-179)/q.
29
Let c = -6 + 7. Suppose 2*j = 4*r - 3 + c, -2*r + 3*j = -3. Let a(t) = t**2 + 10. Calculate the remainder when 17 is divided by a(r).
7
Let o(j) = 6*j + 57. What is the remainder when 224 is divided by o(-7)?
14
Let t = -157 + 165. What is the remainder when 101 is divided by t?
5
Suppose -112*f = -115*f + 45. Suppose -f - 41 = -4*s. Calculate the remainder when 32 is divided by s.
4
Let o(x) be the third derivative of -x**5/60 - x**4/4 + 4*x**3 - 19*x**2. Calculate the remainder when 28 is divided by o(-8).
4
Let i = 14 + -10. Suppose -3*j - 32 = -i*j. Calculate the remainder when j is divided by 17.
15
Suppose -36*l + 5110 = 178. Suppose 24 = i - 4. Calculate the remainder when l is divided by i.
25
Let l = -117 - -198. Let b = -76 + l. What is the remainder when 87 is divided by b?
2
Let d = 139 + -41. What is the remainder when d is divided by 33?
32
Let g = 6 - 2. Let f(q) = -q + 2. Let o be f(g). Let d(w) = -6*w**3 - w**2 + 3*w + 2. Calculate the remainder when d(o) is divided by 21.
19
Suppose -624 = -43*i + 31*i. What is the remainder when 153 is divided by i?
49
Let v(r) = 12*r**2 + 8*r - 1. Calculate the remainder when 91 is divided by v(-2).
29
Let z(a) = 3*a - 5*a + a - 30 + 33 + a**2. Let d = 7 - 3. Calculate the remainder when z(d) is divided by 9.
6
Suppose -n + 5*n + 3*w = 63, 4*w = -3*n + 42. Let f = n - 9. Let p = f + 3. Calculate the remainder when 22 is divided by p.
10
Let v be ((-3)/(-9))/((-1)/(-66)). Suppose -v = 11*s - 12*s. Suppose -2*j + 0*j = -5*a - s, 3*a + 22 = 2*j. Calculate the remainder when 42 is divided by j.
9
Let q(a) = 2*a**2 - 5*a + 1. Let f be q(4). Let l = 12 - f. Let m = l + 4. Calculate the remainder when 11 is divided by m.
2
Let o = 67 + -24. Suppose 5*j + 2*i = 279, -2*i - 2*i - 102 = -2*j. Let d = 70 - j. What is the remainder when o is divided by d?
13
Let t = 41 + -39. Suppose -231 = -r - t*r. Let c(w) = 27*w**2 + 2*w + 1. Calculate the remainder when r is divided by c(-1).
25
Let w(y) = -y**3 - 14*y**2 + 12*y - 10. What is the remainder when 69 is divided by w(-15)?
34
Let m = 26 - -1. Suppose -32 + 5 = -9*h. Suppose j - 4*g - 60 = -8*g, 95 = j - h*g. What is the remainder when j is divided by m?
26
Let u(r) = -2*r**2 - 18*r - 14. Let d be u(-8). Suppose n = d*n + p - 88, -4*n + p = -352. Calculate the remainder when n is divided by 18.
16
Let n = 90 - 81. What is the remainder when 32 is divided by n?
5
Calculate the remainder when (-6)/(-4)*1120/15 is divided by 58.
54
Suppose -3*a + 4*m = -349, -5*a + 8*m - 3*m = -585. Calculate the remainder when a is divided by 26.
15
Let v = 9 - 5. Suppose v*f = 3*f + 4*w + 19, -2*w - 44 = -2*f. Calculate the remainder when 89 is divided by f.
20
Let w(g) = -g**3 - 5*g**2 + 11*g - 13. Suppose -318 + 102 = -4*o. What is the remainder when o is divided by w(-7)?
6
Suppose 3*u = 4*u - 567. Calculate the remainder when u is divided by 71.
70
Let f(n) = n**2 - 6*n + 12. Let i be f(4). Suppose -35 = -c - 3*o, o + i = -0*o. Let a = -12 - -28. What is the remainder when c is divided by a?
15
Let h(w) = 2*w + 4. Let i = 27 - -29. Calculate the remainder when i is divided by h(8).
16
Suppose -3*c + 4*c = 2*k + 724, -5*c - 2*k = -3584. Calculate the remainder when c is divided by 9.
7
Let q(a) = -3*a - 11. Let v = 1932 - 1863. Calculate the remainder when v is divided by q(-10).
12
Suppose 0 = -3*d + 8*d - 365. Calculate the remainder when 217 is divided by d.
71
Let j be 3/(-1)*(-7)/7. Suppose 192 = -j*k + 5*k. Suppose -7*v + 4*v + k = 0. What is the remainder when v is divided by 17?
15
Let p(t) = 6*t**3. Let u be p(1). Suppose -53 = -3*c + 2*r, 4*c - u*r + 2*r - 68 = 0. Calculate the remainder when c is divided by 15/(675/190) - (-2)/(-9).
3
Suppose 2*p = 10, -3*g + 2*p + 10 = -82. What is the remainder when g is divided by 25?
9
Suppose -3*a + 4*k + 16 = 0, k = -4*a + 8 + 45. What is the remainder when 116 is divided by a?
8
Let n(x) = -2*x - 11. Let h be n(-11). Calculate the remainder when -3 - -4 - -2*3 is divid